{"version":"1.0","provider_name":"The Conservative","provider_url":"https:\/\/www.theconservative.online\/cs","author_name":"Ulderico de Laurentiis","author_url":"https:\/\/www.theconservative.online\/cs\/author\/youcom-euspec-2025-26","title":"Islandsk\u00e9 \u201ene\u201c a Evropa n\u00e1rod\u016f - The Conservative","type":"rich","width":600,"height":338,"html":"<blockquote class=\"wp-embedded-content\" data-secret=\"0F9TAtrZ6j\"><a href=\"https:\/\/www.theconservative.online\/cs\/islandske-ne-a-evropa-narodu\">Islandsk\u00e9 \u201ene\u201c a Evropa n\u00e1rod\u016f<\/a><\/blockquote><iframe sandbox=\"allow-scripts\" security=\"restricted\" src=\"https:\/\/www.theconservative.online\/cs\/islandske-ne-a-evropa-narodu\/embed#?secret=0F9TAtrZ6j\" width=\"600\" height=\"338\" title=\"&#8222;Islandsk\u00e9 \u201ene\u201c a Evropa n\u00e1rod\u016f&#8220; &#8212; The Conservative\" data-secret=\"0F9TAtrZ6j\" frameborder=\"0\" marginwidth=\"0\" marginheight=\"0\" scrolling=\"no\" class=\"wp-embedded-content\"><\/iframe><script>\n\/*! This file is auto-generated *\/\n!function(d,l){\"use strict\";l.querySelector&&d.addEventListener&&\"undefined\"!=typeof URL&&(d.wp=d.wp||{},d.wp.receiveEmbedMessage||(d.wp.receiveEmbedMessage=function(e){var t=e.data;if((t||t.secret||t.message||t.value)&&!\/[^a-zA-Z0-9]\/.test(t.secret)){for(var s,r,n,a=l.querySelectorAll('iframe[data-secret=\"'+t.secret+'\"]'),o=l.querySelectorAll('blockquote[data-secret=\"'+t.secret+'\"]'),c=new RegExp(\"^https?:$\",\"i\"),i=0;i<o.length;i++)o[i].style.display=\"none\";for(i=0;i<a.length;i++)s=a[i],e.source===s.contentWindow&&(s.removeAttribute(\"style\"),\"height\"===t.message?(1e3<(r=parseInt(t.value,10))?r=1e3:~~r<200&&(r=200),s.height=r):\"link\"===t.message&&(r=new URL(s.getAttribute(\"src\")),n=new URL(t.value),c.test(n.protocol))&&n.host===r.host&&l.activeElement===s&&(d.top.location.href=t.value))}},d.addEventListener(\"message\",d.wp.receiveEmbedMessage,!1),l.addEventListener(\"DOMContentLoaded\",function(){for(var e,t,s=l.querySelectorAll(\"iframe.wp-embedded-content\"),r=0;r<s.length;r++)(t=(e=s[r]).getAttribute(\"data-secret\"))||(t=Math.random().toString(36).substring(2,12),e.src+=\"#?secret=\"+t,e.setAttribute(\"data-secret\",t)),e.contentWindow.postMessage({message:\"ready\",secret:t},\"*\")},!1)))}(window,document);\n\/\/# sourceURL=https:\/\/www.theconservative.online\/wp-includes\/js\/wp-embed.min.js\n<\/script>\n","thumbnail_url":"https:\/\/www.theconservative.online\/wp-content\/uploads\/2026\/08\/shutterstock_2575159489.jpg","thumbnail_width":1000,"thumbnail_height":667,"description":"T\u00edm, \u017ee odm\u00edtli obnoven\u00ed p\u0159\u00edstupov\u00fdch jedn\u00e1n\u00ed s EU, Islan\u010fan\u00e9 h\u00e1jili kontrolu nad sv\u00fdmi zdroji a podpo\u0159ili tak formu evropsk\u00e9 spolupr\u00e1ce, v n\u00ed\u017e z\u016fst\u00e1v\u00e1 demokratick\u00e1 moc bl\u00ed\u017ee domovu. Brusel si dovolil doufat, \u017ee Island by se mohl st\u00e1t nejjednodu\u0161\u0161\u00edm \u00fasp\u011bchem Evropsk\u00e9 unie v oblasti roz\u0161\u00ed\u0159en\u00ed. Zem\u011b je bohat\u00e1, demokratick\u00e1 a ji\u017e je do zna\u010dn\u00e9 m\u00edry za\u010dlen\u011bna [&hellip;]"}

Islandské „ne“ a Evropa národů - The Conservative

<blockquote class="wp-embedded-content" data-secret="0F9TAtrZ6j"><a href="https://www.theconservative.online/cs/islandske-ne-a-evropa-narodu">Islandské „ne“ a Evropa národů</a></blockquote><iframe sandbox="allow-scripts" security="restricted" src="https://www.theconservative.online/cs/islandske-ne-a-evropa-narodu/embed#?secret=0F9TAtrZ6j" width="600" height="338" title="&#8222;Islandské „ne“ a Evropa národů&#8220; &#8212; The Conservative" data-secret="0F9TAtrZ6j" frameborder="0" marginwidth="0" marginheight="0" scrolling="no" class="wp-embedded-content"></iframe><script>
/*! This file is auto-generated */
!function(d,l){"use strict";l.querySelector&&d.addEventListener&&"undefined"!=typeof URL&&(d.wp=d.wp||{},d.wp.receiveEmbedMessage||(d.wp.receiveEmbedMessage=function(e){var t=e.data;if((t||t.secret||t.message||t.value)&&!/[^a-zA-Z0-9]/.test(t.secret)){for(var s,r,n,a=l.querySelectorAll('iframe[data-secret="'+t.secret+'"]'),o=l.querySelectorAll('blockquote[data-secret="'+t.secret+'"]'),c=new RegExp("^https?:$","i"),i=0;i<o.length;i++)o[i].style.display="none";for(i=0;i<a.length;i++)s=a[i],e.source===s.contentWindow&&(s.removeAttribute("style"),"height"===t.message?(1e3<(r=parseInt(t.value,10))?r=1e3:~~r<200&&(r=200),s.height=r):"link"===t.message&&(r=new URL(s.getAttribute("src")),n=new URL(t.value),c.test(n.protocol))&&n.host===r.host&&l.activeElement===s&&(d.top.location.href=t.value))}},d.addEventListener("message",d.wp.receiveEmbedMessage,!1),l.addEventListener("DOMContentLoaded",function(){for(var e,t,s=l.querySelectorAll("iframe.wp-embedded-content"),r=0;r<s.length;r++)(t=(e=s[r]).getAttribute("data-secret"))||(t=Math.random().toString(36).substring(2,12),e.src+="#?secret="+t,e.setAttribute("data-secret",t)),e.contentWindow.postMessage({message:"ready",secret:t},"*")},!1)))}(window,document);
//# sourceURL=https://www.theconservative.online/wp-includes/js/wp-embed.min.js
</script>

Tím, že odmítli obnovení přístupových jednání s EU, Islanďané hájili kontrolu nad svými zdroji a podpořili tak formu evropské spolupráce, v níž zůstává demokratická moc blíže domovu. Brusel si dovolil doufat, že Island by se mohl stát nejjednodušším úspěchem Evropské unie v oblasti rozšíření. Země je bohatá, demokratická a již je do značné míry začleněna [&hellip;]
