{"version":"1.0","provider_name":"The Conservative","provider_url":"https:\/\/www.theconservative.online\/pl","author_name":"Hannes Gissurarson","author_url":"https:\/\/www.theconservative.online\/pl\/author\/hannes-eunat-2025-26","title":"Dlaczego Islandia odrzuci\u0142a cz\u0142onkostwo w UE - The Conservative","type":"rich","width":600,"height":338,"html":"<blockquote class=\"wp-embedded-content\" data-secret=\"t8kZxOnsAB\"><a href=\"https:\/\/www.theconservative.online\/pl\/dlaczego-islandia-odrzucila-czlonkostwo-w-ue\">Dlaczego Islandia odrzuci\u0142a cz\u0142onkostwo w UE<\/a><\/blockquote><iframe sandbox=\"allow-scripts\" security=\"restricted\" src=\"https:\/\/www.theconservative.online\/pl\/dlaczego-islandia-odrzucila-czlonkostwo-w-ue\/embed#?secret=t8kZxOnsAB\" width=\"600\" height=\"338\" title=\"&#8222;Dlaczego Islandia odrzuci\u0142a cz\u0142onkostwo w UE&#8221; &#8212; The Conservative\" data-secret=\"t8kZxOnsAB\" frameborder=\"0\" marginwidth=\"0\" marginheight=\"0\" scrolling=\"no\" class=\"wp-embedded-content\"><\/iframe><script>\n\/*! This file is auto-generated *\/\n!function(d,l){\"use strict\";l.querySelector&&d.addEventListener&&\"undefined\"!=typeof URL&&(d.wp=d.wp||{},d.wp.receiveEmbedMessage||(d.wp.receiveEmbedMessage=function(e){var t=e.data;if((t||t.secret||t.message||t.value)&&!\/[^a-zA-Z0-9]\/.test(t.secret)){for(var s,r,n,a=l.querySelectorAll('iframe[data-secret=\"'+t.secret+'\"]'),o=l.querySelectorAll('blockquote[data-secret=\"'+t.secret+'\"]'),c=new RegExp(\"^https?:$\",\"i\"),i=0;i<o.length;i++)o[i].style.display=\"none\";for(i=0;i<a.length;i++)s=a[i],e.source===s.contentWindow&&(s.removeAttribute(\"style\"),\"height\"===t.message?(1e3<(r=parseInt(t.value,10))?r=1e3:~~r<200&&(r=200),s.height=r):\"link\"===t.message&&(r=new URL(s.getAttribute(\"src\")),n=new URL(t.value),c.test(n.protocol))&&n.host===r.host&&l.activeElement===s&&(d.top.location.href=t.value))}},d.addEventListener(\"message\",d.wp.receiveEmbedMessage,!1),l.addEventListener(\"DOMContentLoaded\",function(){for(var e,t,s=l.querySelectorAll(\"iframe.wp-embedded-content\"),r=0;r<s.length;r++)(t=(e=s[r]).getAttribute(\"data-secret\"))||(t=Math.random().toString(36).substring(2,12),e.src+=\"#?secret=\"+t,e.setAttribute(\"data-secret\",t)),e.contentWindow.postMessage({message:\"ready\",secret:t},\"*\")},!1)))}(window,document);\n\/\/# sourceURL=https:\/\/www.theconservative.online\/wp-includes\/js\/wp-embed.min.js\n<\/script>\n","thumbnail_url":"https:\/\/www.theconservative.online\/wp-content\/uploads\/2026\/08\/Baudenbacher.OlafurRagnar.jpg","thumbnail_width":944,"thumbnail_height":537,"description":"W referendum, kt\u00f3re odby\u0142o si\u0119 29 sierpnia 2026 r., Islandia odrzuci\u0142a negocjacje w sprawie cz\u0142onkostwa w UE z pi\u0119ciu powod\u00f3w: trzech ekonomicznych i dw\u00f3ch egzystencjalnych. Po pierwsze, wyb\u00f3r nie polega\u0142 na wyborze mi\u0119dzy izolacj\u0105 a Europ\u0105. Islandia by\u0142a cz\u0142onkiem Europejskiego Obszaru Gospodarczego od 1994 r., obok Norwegii, Liechtensteinu oraz \u2013 z praktycznego punktu widzenia \u2013 [&hellip;]"}

Dlaczego Islandia odrzuciła członkostwo w UE - The Conservative

<blockquote class="wp-embedded-content" data-secret="t8kZxOnsAB"><a href="https://www.theconservative.online/pl/dlaczego-islandia-odrzucila-czlonkostwo-w-ue">Dlaczego Islandia odrzuciła członkostwo w UE</a></blockquote><iframe sandbox="allow-scripts" security="restricted" src="https://www.theconservative.online/pl/dlaczego-islandia-odrzucila-czlonkostwo-w-ue/embed#?secret=t8kZxOnsAB" width="600" height="338" title="&#8222;Dlaczego Islandia odrzuciła członkostwo w UE&#8221; &#8212; The Conservative" data-secret="t8kZxOnsAB" frameborder="0" marginwidth="0" marginheight="0" scrolling="no" class="wp-embedded-content"></iframe><script>
/*! This file is auto-generated */
!function(d,l){"use strict";l.querySelector&&d.addEventListener&&"undefined"!=typeof URL&&(d.wp=d.wp||{},d.wp.receiveEmbedMessage||(d.wp.receiveEmbedMessage=function(e){var t=e.data;if((t||t.secret||t.message||t.value)&&!/[^a-zA-Z0-9]/.test(t.secret)){for(var s,r,n,a=l.querySelectorAll('iframe[data-secret="'+t.secret+'"]'),o=l.querySelectorAll('blockquote[data-secret="'+t.secret+'"]'),c=new RegExp("^https?:$","i"),i=0;i<o.length;i++)o[i].style.display="none";for(i=0;i<a.length;i++)s=a[i],e.source===s.contentWindow&&(s.removeAttribute("style"),"height"===t.message?(1e3<(r=parseInt(t.value,10))?r=1e3:~~r<200&&(r=200),s.height=r):"link"===t.message&&(r=new URL(s.getAttribute("src")),n=new URL(t.value),c.test(n.protocol))&&n.host===r.host&&l.activeElement===s&&(d.top.location.href=t.value))}},d.addEventListener("message",d.wp.receiveEmbedMessage,!1),l.addEventListener("DOMContentLoaded",function(){for(var e,t,s=l.querySelectorAll("iframe.wp-embedded-content"),r=0;r<s.length;r++)(t=(e=s[r]).getAttribute("data-secret"))||(t=Math.random().toString(36).substring(2,12),e.src+="#?secret="+t,e.setAttribute("data-secret",t)),e.contentWindow.postMessage({message:"ready",secret:t},"*")},!1)))}(window,document);
//# sourceURL=https://www.theconservative.online/wp-includes/js/wp-embed.min.js
</script>

W referendum, które odbyło się 29 sierpnia 2026 r., Islandia odrzuciła negocjacje w sprawie członkostwa w UE z pięciu powodów: trzech ekonomicznych i dwóch egzystencjalnych. Po pierwsze, wybór nie polegał na wyborze między izolacją a Europą. Islandia była członkiem Europejskiego Obszaru Gospodarczego od 1994 r., obok Norwegii, Liechtensteinu oraz – z praktycznego punktu widzenia – [&hellip;]
