{"version":"1.0","provider_name":"The Conservative","provider_url":"https:\/\/www.theconservative.online\/ro","author_name":"Martin Lynch","author_url":"https:\/\/www.theconservative.online\/ro\/author\/stonebay-eunat-2026-2027","title":"Ce a \u00een\u021beles Jack Lynch despre Europa - The Conservative","type":"rich","width":600,"height":338,"html":"<blockquote class=\"wp-embedded-content\" data-secret=\"wihiXtSnex\"><a href=\"https:\/\/www.theconservative.online\/ro\/ce-a-inteles-jack-lynch-despre-europa\">Ce a \u00een\u021beles Jack Lynch despre Europa<\/a><\/blockquote><iframe sandbox=\"allow-scripts\" security=\"restricted\" src=\"https:\/\/www.theconservative.online\/ro\/ce-a-inteles-jack-lynch-despre-europa\/embed#?secret=wihiXtSnex\" width=\"600\" height=\"338\" title=\"&#8222;Ce a \u00een\u021beles Jack Lynch despre Europa&#8221; &#8211; The Conservative\" data-secret=\"wihiXtSnex\" frameborder=\"0\" marginwidth=\"0\" marginheight=\"0\" scrolling=\"no\" class=\"wp-embedded-content\"><\/iframe><script>\n\/*! This file is auto-generated *\/\n!function(d,l){\"use strict\";l.querySelector&&d.addEventListener&&\"undefined\"!=typeof URL&&(d.wp=d.wp||{},d.wp.receiveEmbedMessage||(d.wp.receiveEmbedMessage=function(e){var t=e.data;if((t||t.secret||t.message||t.value)&&!\/[^a-zA-Z0-9]\/.test(t.secret)){for(var s,r,n,a=l.querySelectorAll('iframe[data-secret=\"'+t.secret+'\"]'),o=l.querySelectorAll('blockquote[data-secret=\"'+t.secret+'\"]'),c=new RegExp(\"^https?:$\",\"i\"),i=0;i<o.length;i++)o[i].style.display=\"none\";for(i=0;i<a.length;i++)s=a[i],e.source===s.contentWindow&&(s.removeAttribute(\"style\"),\"height\"===t.message?(1e3<(r=parseInt(t.value,10))?r=1e3:~~r<200&&(r=200),s.height=r):\"link\"===t.message&&(r=new URL(s.getAttribute(\"src\")),n=new URL(t.value),c.test(n.protocol))&&n.host===r.host&&l.activeElement===s&&(d.top.location.href=t.value))}},d.addEventListener(\"message\",d.wp.receiveEmbedMessage,!1),l.addEventListener(\"DOMContentLoaded\",function(){for(var e,t,s=l.querySelectorAll(\"iframe.wp-embedded-content\"),r=0;r<s.length;r++)(t=(e=s[r]).getAttribute(\"data-secret\"))||(t=Math.random().toString(36).substring(2,12),e.src+=\"#?secret=\"+t,e.setAttribute(\"data-secret\",t)),e.contentWindow.postMessage({message:\"ready\",secret:t},\"*\")},!1)))}(window,document);\n\/\/# sourceURL=https:\/\/www.theconservative.online\/wp-includes\/js\/wp-embed.min.js\n<\/script>\n","thumbnail_url":"https:\/\/www.theconservative.online\/wp-content\/uploads\/2025\/06\/shutterstock_2513756601.jpg","thumbnail_width":1000,"thumbnail_height":750,"description":"Fianna F\u00e1il \u00eei comemoreaz\u0103 pe Se\u00e1n Lemass \u0219i Jack Lynch ca fiind autorii a dou\u0103 schimb\u0103ri decisive \u00een Irlanda modern\u0103. Lemass, cel pu\u021bin a\u0219a cum este perceput \u00een general \u00een cadrul Fianna F\u00e1il, reprezint\u0103 deschiderea economic\u0103; Lynch reprezint\u0103 aderarea la Comunitatea Economic\u0103 European\u0103. Aceast\u0103 interpretare nu este gre\u0219it\u0103, dar este incomplet\u0103 \u00een mai multe privin\u021be [&hellip;]"}

Ce a înțeles Jack Lynch despre Europa - The Conservative

<blockquote class="wp-embedded-content" data-secret="wihiXtSnex"><a href="https://www.theconservative.online/ro/ce-a-inteles-jack-lynch-despre-europa">Ce a înțeles Jack Lynch despre Europa</a></blockquote><iframe sandbox="allow-scripts" security="restricted" src="https://www.theconservative.online/ro/ce-a-inteles-jack-lynch-despre-europa/embed#?secret=wihiXtSnex" width="600" height="338" title="&#8222;Ce a înțeles Jack Lynch despre Europa&#8221; &#8211; The Conservative" data-secret="wihiXtSnex" frameborder="0" marginwidth="0" marginheight="0" scrolling="no" class="wp-embedded-content"></iframe><script>
/*! This file is auto-generated */
!function(d,l){"use strict";l.querySelector&&d.addEventListener&&"undefined"!=typeof URL&&(d.wp=d.wp||{},d.wp.receiveEmbedMessage||(d.wp.receiveEmbedMessage=function(e){var t=e.data;if((t||t.secret||t.message||t.value)&&!/[^a-zA-Z0-9]/.test(t.secret)){for(var s,r,n,a=l.querySelectorAll('iframe[data-secret="'+t.secret+'"]'),o=l.querySelectorAll('blockquote[data-secret="'+t.secret+'"]'),c=new RegExp("^https?:$","i"),i=0;i<o.length;i++)o[i].style.display="none";for(i=0;i<a.length;i++)s=a[i],e.source===s.contentWindow&&(s.removeAttribute("style"),"height"===t.message?(1e3<(r=parseInt(t.value,10))?r=1e3:~~r<200&&(r=200),s.height=r):"link"===t.message&&(r=new URL(s.getAttribute("src")),n=new URL(t.value),c.test(n.protocol))&&n.host===r.host&&l.activeElement===s&&(d.top.location.href=t.value))}},d.addEventListener("message",d.wp.receiveEmbedMessage,!1),l.addEventListener("DOMContentLoaded",function(){for(var e,t,s=l.querySelectorAll("iframe.wp-embedded-content"),r=0;r<s.length;r++)(t=(e=s[r]).getAttribute("data-secret"))||(t=Math.random().toString(36).substring(2,12),e.src+="#?secret="+t,e.setAttribute("data-secret",t)),e.contentWindow.postMessage({message:"ready",secret:t},"*")},!1)))}(window,document);
//# sourceURL=https://www.theconservative.online/wp-includes/js/wp-embed.min.js
</script>

Fianna Fáil îi comemorează pe Seán Lemass și Jack Lynch ca fiind autorii a două schimbări decisive în Irlanda modernă. Lemass, cel puțin așa cum este perceput în general în cadrul Fianna Fáil, reprezintă deschiderea economică; Lynch reprezintă aderarea la Comunitatea Economică Europeană. Această interpretare nu este greșită, dar este incompletă în mai multe privințe [&hellip;]
